 the second derivative of -b*n**4 + 0*n**2 - 1/6*n**3 - 5*n + 0. Give p(-1).
-4
Suppose -5*r = 5*z - 15, 2*z = -2*r + 7*z + 48. Let l(w) be the third derivative of -3/2*w**3 + 0 + 0*w + 1/24*w**4 + r*w**2. What is l(6)?
-3
Let z(t) = 3537*t - 7077*t - 33 + 3542*t. Calculate z(0).
-33
Let d(m) be the first derivative of -m**3/3 - 3*m**2 - 9*m - 703. What is d(-3)?
0
Suppose 3*z = 4*b - 34, -15*b - 48 = 5*z - 13*b. Let n(j) = -j + 18. Determine n(z).
28
Let q = -223 + 223. Let b(g) = -g**3 - g**2 + 2*g. Determine b(q).
0
Let v(x) = -739*x**2 - 2 - 24*x + 16*x**3 + 755*x**2 - 3*x**3. Let s(z) = 3*z**3 + 4*z**2 - 6*z - 1. Let h(n) = -9*s(n) + 2*v(n). Determine h(-4).
-19
Let g(k) be the first derivative of k**3/3 - k**2/2 + 3*k + 1437. Determine g(1).
3
Let l be (-2)/(-5) + 12/20. Let o(p) = 22*p**3 - 12*p**2 - 75*p + 7. Let d(g) = -12*g**3 + 5*g**2 + 30*g - 3. Let z(i) = 5*d(i) + 2*o(i). Determine z(l).
-16
Let d(s) = 5*s**3 + s**2 - 13*s + 23. Let o(t) = t**3 - 2*t + 2. Let r(w) = -d(w) + 6*o(w). Let c be -2 + 2 - (1 + -1). Determine r(c).
-11
Suppose 54 - 18 = 18*m. Let y(s) = -6 + 3 + 87*s**m - 4*s - 89*s**2. Calculate y(-2).
-3
Let y be (-2 + 10)*(52/8 + -5). Let n be y - 13 - (-3 - -8). Let q(d) = d**2 + 3*d - 13. Calculate q(n).
5
Let u(j) = -47*j**3 - 3*j**2 + j - 3 - 7*j + 49*j**3. Give u(-2).
-19
Let k(a) be the third derivative of a**5/60 - a**4/12 - 2*a**2. Let t(r) = 31*r + 3 + r**2 - 28*r + 0. Let q be t(-3). Calculate k(q).
3
Let m = 5683 + -5680. Let y(q) be the second derivative of q**6/180 - q**5/60 - q**4/6 - q**3/6 + q. Let h(u) be the second derivative of y(u). Give h(m).
8
Let x(o) = o**3 + 5*o**2 - o + 1. Suppose 0 = 879*c - 881*c + 2. Let k be (-364)/(-63) + (-2)/(-9). Let m be (0/3 - k)/(1 + c). Give x(m).
22
Let a(f) = 6*f + 44. Suppose q + 6 = -5*m, 2*m - 30 = 4*q + q. Determine a(m).
44
Let m(q) be the second derivative of 5*q**3/6 + 7*q**2/2 + q. Let b(i) = -2*i**2 - 61*i + 12570. Let a be b(-96). Determine m(a).
-23
Let p(n) = -n. Let u(r) = 5*r - 3. Let z(v) = -3*p(v) + u(v). Suppose 0 = -5*o - 0*o + 25. Let i(d) = -9*d + 4. Let j(a) = o*z(a) + 4*i(a). Give j(-2).
-7
Let p(d) be the first derivative of -d**4/2 + 8*d**3/3 - d**2 - 26. Let k(u) = 2*u**2. Let j(n) = 2*k(n) - p(n). Let t be (-14)/(-5) + (-3)/15*-1. Give j(t).
24
Let h(q) = 0*q - 3 + 0 - 3*q + q**3. Let k(s) = s**2 + s - 4893 - 30*s + 4759. Let l be k(33). Give h(l).
-5
Let s = 9055 - 9053. Let n(d) = 8*d - 12. Give n(s).
4
Let t be 3 - ((-2)/9 - (-28)/(-36)). Suppose j - t*u = -j - 16, -2*u = 5*j + 16. Let s(f) = f**3 + 10*f**2 + 0 + 4*f - 5*f**2 + 1. Give s(j).
1
Let q = -69 + -15. Let c be ((-3)/12)/(3/q). Suppose -3*y = 2*b - c*y + 4, -32 = -2*b - 5*y. Let f(n) = -n**3 + 5*n**2 + 4*n + 8. Calculate f(b).
-4
Let z(y) be the first derivative of -3*y**2 - 36*y + 333. Let k(i) = 19*i + 109. Let l(c) = 2*k(c) + 7*z(c). Determine l(-10).
6
Let k(u) = u**2 + 6*u - 8. Let g be (-4 - 2) + (-4 - -1). Let t be g/(-15) + (3564/45)/(-12). What is k(t)?
-8
Let o be (4 + 9 + -1*(12 + -4))*-2. Let t(b) = 4*b**2 + 40*b + 6. Determine t(o).
6
Let m(s) = s**2 + 14 - 33 + 14 - 11*s + 17. Let l(f) = -f**3 + 6*f**2 - 2*f - 6. Let r be l(5). Give m(r).
-6
Let m(k) = -11*k + 147. Suppose 0 = -2492*l + 2464*l + 364. Determine m(l).
4
Let q = -28786 + 28807. Let u(b) be the third derivative of -2*b**2 + q*b - 1/3*b**4 + 11/6*b**3 - 1/60*b**5 + 0. Give u(-8).
11
Let a = -1339 + 1331. Let n(z) = -2*z - 28. Calculate n(a).
-12
Suppose -4*a - 5*i - 131 = -6*a, 73 = a - 4*i. Let g = -52 + a. Let w(q) be the first derivative of 7*q**3/3 - q**2 + q - 3. Determine w(g).
6
Let g(q) be the third derivative of q**6/120 + q**5/30 + q**4/12 + 4*q**3 - 1890*q**2. Give g(-3).
9
Let g(y) = 20*y + 1. Let w = 178 + -143. Suppose 15*o - w*o = 280. Let t = -13 - o. What is g(t)?
21
Let k = -27 - -54. Suppose 32*w - k*w = 0. Let h(n) = 60*n + w*n**2 + n**3 - 61*n + 4*n**2. What is h(-4)?
4
Let n(x) = -x**3 - 15. Let v(f) = 5*f**3 - 20*f**2 + 44*f + 68. Let t(b) = 6*n(b) + v(b). Determine t(-22).
-22
Suppose 0 = 367*w - 363*w + 32. Let x(s) = 2*s + 5. Let f(i) = -i - 4. Let h(c) = 3*f(c) + 2*x(c). Determine h(w).
-10
Let c be 5*16/10 + (1 - 3). Let a(x) = 4*x**2 - 101 + 3*x - x**3 + 102 - c*x. Let t be 8 + -2 + -1 + -1. What is a(t)?
-11
Let j(t) = 2*t - 1 + 13 - 21 + 5. Determine j(-9).
-22
Let i(y) = -y - 7 + 5 + 3 - 3*y. Let f(m) = -m**3 - 2*m**2 + 3*m + 18. Let g be f(-3). Let l = -19 + g. What is i(l)?
5
Let k(n) = 29*n + 11. Let r(x) = -40*x - 12. Let u(w) = -8*k(w) - 7*r(w). What is u(1)?
44
Let i(v) = 2*v**2 - 3*v + 3. Let l be i(3). Let s(f) = -517194 - f**3 + 22*f**2 + 6*f**2 - 3*f - 15*f**2 + 517187 - 7*f. Determine s(l).
17
Let x(p) = p**2 + 11*p + 32. Suppose -17*q = 8582 - 8497. Determine x(q).
2
Suppose 38 - 6 = -15*t - 58. Let u(b) = b**2 - 14*b - 104. Calculate u(t).
16
Let r(w) = -2*w**2 - 58*w + 60. Suppose 197*p - 1079 = -6989. Determine r(p).
0
Suppose 0 = 5*o - r - 13, 0*r = 2*o - 3*r - 13. Suppose o*h = 17*h - 90. Let g(n) = -19*n + 42*n - 24*n + h. Calculate g(3).
3
Let o(d) = -2*d + 8. Let p = 32 + 8. Let q be p/6 - (-2)/(-3). Let z(y) = 3*y - 7. Let b(t) = q*z(t) + 5*o(t). Determine b(-2).
-18
Let d be (-1)/(1*(-4)/(-8)). Let n(g) = -g - 1. Suppose r = 3*r - p - 9, 4*r - 4*p = 20. Let b(q) = -q - 4. Let z(c) = r*n(c) - b(c). Give z(d).
6
Let w be (-80)/(-22) - 484/(-1331). Let j(i) = -i**3 + 4*i**2 + 3*i + 11. Determine j(w).
23
Suppose -234*c = 5054 + 1966. Let b(f) = -f**3 - 31*f**2 - 32*f - 61. Calculate b(c).
-1
Let c(m) = 5*m**2 + 4*m - 3. Let j(z) = -z**2 + 5*z + 208. Let w be j(17). Give c(w).
93
Let t(s) = s + 1174 + 1168 - 2343. Determine t(0).
-1
Let g(y) = -y + 17. Let f be ((-855)/135 - (-4)/3)*-3. What is g(f)?
2
Let u be ((-330)/77)/(-5) - (-249)/(-21). Let i(h) = h**3 + 10*h**2 - 10*h - 3. Determine i(u).
-14
Let z(d) = 5*d**2 - 3*d - 1. Suppose 31 - 3 = -14*w. Let b be z(w). Let x(c) = -2 - 12*c**3 - b*c**2 - 7*c + 11*c**3 + 18*c**2. Calculate x(-6).
4
Let v(n) be the second derivative of -n**6/360 + n**5/40 - 65*n**4/6 + n**3/3 - 157*n. Let z(r) be the third derivative of v(r). Give z(-6).
15
Suppose q - 3 = -2*q. Let w be 2/(q*3/(-15)*-1). Suppose -2*f + 4 - w = 0. Let o(d) = -d**2 + 3. Calculate o(f).
-6
Let m = 16 - 6. Let b(w) = m*w + 11*w - w**3 - 20*w + 1 + 10. Let l be 18/(-6 - -3) + 6. Determine b(l).
11
Let a(y) be the second derivative of -y**4/4 + y**3/3 - 2*y**2 - 2660*y. Calculate a(3).
-25
Let b(l) = -l**3 - 23*l**2 - 24*l - 23. Suppose -4*i = -5*y - 98, -119 = y + 4*y + 3*i. Calculate b(y).
21
Let v(p) = 161440*p**2 - 161439*p**2 - 6*p + 9 + p. Determine v(5).
9
Let f be ((-4)/(-6))/(-2) + 4/(-6). Let o(w) = -6*w**2 - w - 8. Let k(v) = -4*v**2 - v - 6. Let g(x) = -4*k(x) + 3*o(x). Determine g(f).
-3
Let q(s) = 8193 - 21*s - 16305 + 8153 + s**2. Calculate q(18).
-13
Suppose 0 = 8*f - 4 + 276. Let z = f - -37. Let x(n) = n**3 - 3*n**2 + 4. Give x(z).
4
Let h(s) = -9*s + 56. Let n be h(6). Let t(v) = -16*v - 13*v**n - 2 + 9*v + 14*v**2. Suppose a - 3 = 3. What is t(a)?
-8
Let z = 116 + -111. Suppose 3*t = -z*s - 1, -3*t + 4*s + 0 = -17. Let n(u) = -2*u - 2. Calculate n(t).
-8
Let m(j) be the first derivative of -j**3/3 - 5*j**2/2 - 4*j - 2. Suppose -5*w = 11*u - 7*u + 135, 54 = -2*w - u. Let k = w - -23. Calculate m(k).
0
Let p(u) = -52*u**3 + 21*u**2 - 12*u - 17. Let z(f) = -23*f**3 + 10*f**2 - 5*f - 8. Let n(l) = -4*p(l) + 9*z(l). Suppose -10*i + 12*i = -10. What is n(i)?
6
Let c(j) = 59*j - 119*j + 55 - 27 + 61*j - 33. Determine c(-1).
-6
Let k = 1 - -4. Suppose -k*b + 2 = -3. Let g(l) = -4*l**2 + l - 1. Calculate g(b).
-4
Let r(g) = -2*g**3 - 13*g**2 - 3*g + 6. Let y = 1096 + -1102. Determine r(y).
-12
Let f(s) = -5*s**2 + 69*s - 226. Let w be f(5). Let z(b) = 21*b - 7. Determine z(w).
-133
Suppose 5*y = 311*q - 308*q + 15, 0 = 3*q - 4*y + 15. Let k(t) = 3*t**2 + 19*t + 12. Give k(q).
-8
Suppose j - 211 + 1117 = a, 2*a + 2*j = 1804. Let g = a - 895. Let n(b) = b. Determine n(g).
9
Let r(t) = 6*t + 3. Let m(w) = 4*w + 2. Let b = -445 - -450. Let v(k) = b*m(k) - 3*r(k). Determine v(-9).
-17
Let v(w) = -110*w**2 - 4*w + 13. Let o(z) = -110*z**2 - 4*z + 9. Let h(l) = -4*o(l) + 3*v(l). Calculate h(-1).
109
Let y(d) = -1 - 2*d + 6*d - 8 - d*